{"id":1412,"date":"2022-03-02T09:19:21","date_gmt":"2022-03-02T09:19:21","guid":{"rendered":"https:\/\/humbertocarrizo.com\/index.php\/home\/"},"modified":"2023-07-11T20:48:22","modified_gmt":"2023-07-11T20:48:22","slug":"home","status":"publish","type":"page","link":"https:\/\/humbertocarrizo.com\/","title":{"rendered":"Home"},"content":{"rendered":"\t\t<div data-elementor-type=\"wp-page\" data-elementor-id=\"1412\" class=\"elementor elementor-1412\" data-elementor-post-type=\"page\">\n\t\t\t\t\t\t\t\t\t<section class=\"elementor-section elementor-top-section elementor-element elementor-element-37b3c9a elementor-section-boxed elementor-section-height-default elementor-section-height-default\" data-id=\"37b3c9a\" data-element_type=\"section\" data-settings=\"{&quot;background_background&quot;:&quot;classic&quot;}\">\n\t\t\t\t\t\t<div class=\"elementor-container elementor-column-gap-no\">\n\t\t\t\t\t<div class=\"elementor-column elementor-col-50 elementor-top-column elementor-element elementor-element-f66c417\" data-id=\"f66c417\" data-element_type=\"column\">\n\t\t\t<div class=\"elementor-widget-wrap elementor-element-populated\">\n\t\t\t\t\t\t\t\t<div class=\"elementor-element elementor-element-6a19bcb elementor-widget elementor-widget-heading\" data-id=\"6a19bcb\" data-element_type=\"widget\" data-widget_type=\"heading.default\">\n\t\t\t\t<div class=\"elementor-widget-container\">\n\t\t\t<style>\/*! elementor - v3.17.0 - 08-11-2023 *\/\n.elementor-heading-title{padding:0;margin:0;line-height:1}.elementor-widget-heading .elementor-heading-title[class*=elementor-size-]>a{color:inherit;font-size:inherit;line-height:inherit}.elementor-widget-heading .elementor-heading-title.elementor-size-small{font-size:15px}.elementor-widget-heading .elementor-heading-title.elementor-size-medium{font-size:19px}.elementor-widget-heading .elementor-heading-title.elementor-size-large{font-size:29px}.elementor-widget-heading .elementor-heading-title.elementor-size-xl{font-size:39px}.elementor-widget-heading .elementor-heading-title.elementor-size-xxl{font-size:59px}<\/style><h6 class=\"elementor-heading-title elementor-size-default\">Sitio web en homenaje a<\/h6>\t\t<\/div>\n\t\t\t\t<\/div>\n\t\t\t\t<div class=\"elementor-element elementor-element-b8ae100 elementor-widget elementor-widget-heading\" data-id=\"b8ae100\" data-element_type=\"widget\" data-widget_type=\"heading.default\">\n\t\t\t\t<div class=\"elementor-widget-container\">\n\t\t\t<h1 class=\"elementor-heading-title elementor-size-default\">Humberto Carrizo,<\/br>un talentoso artista audiovisual.<\/h1>\t\t<\/div>\n\t\t\t\t<\/div>\n\t\t\t\t<div class=\"elementor-element elementor-element-e48e25e elementor-widget elementor-widget-heading\" data-id=\"e48e25e\" data-element_type=\"widget\" data-widget_type=\"heading.default\">\n\t\t\t\t<div class=\"elementor-widget-container\">\n\t\t\t<h6 class=\"elementor-heading-title elementor-size-default\">11 de julio 1957- 23 de diciembre de 2016<\/h6>\t\t<\/div>\n\t\t\t\t<\/div>\n\t\t\t\t<div class=\"elementor-element elementor-element-1439bca elementor-widget elementor-widget-text-editor\" data-id=\"1439bca\" data-element_type=\"widget\" data-widget_type=\"text-editor.default\">\n\t\t\t\t<div class=\"elementor-widget-container\">\n\t\t\t<style>\/*! elementor - v3.17.0 - 08-11-2023 *\/\n.elementor-widget-text-editor.elementor-drop-cap-view-stacked .elementor-drop-cap{background-color:#69727d;color:#fff}.elementor-widget-text-editor.elementor-drop-cap-view-framed .elementor-drop-cap{color:#69727d;border:3px solid;background-color:transparent}.elementor-widget-text-editor:not(.elementor-drop-cap-view-default) .elementor-drop-cap{margin-top:8px}.elementor-widget-text-editor:not(.elementor-drop-cap-view-default) .elementor-drop-cap-letter{width:1em;height:1em}.elementor-widget-text-editor .elementor-drop-cap{float:left;text-align:center;line-height:1;font-size:50px}.elementor-widget-text-editor .elementor-drop-cap-letter{display:inline-block}<\/style>\t\t\t\t<p>Creado por sus amigos y seguidores.<\/p>\t\t\t\t\t\t<\/div>\n\t\t\t\t<\/div>\n\t\t\t\t\t<\/div>\n\t\t<\/div>\n\t\t\t\t<div class=\"elementor-column elementor-col-50 elementor-top-column elementor-element elementor-element-16a252d\" data-id=\"16a252d\" data-element_type=\"column\">\n\t\t\t<div class=\"elementor-widget-wrap elementor-element-populated\">\n\t\t\t\t\t\t\t\t<div class=\"elementor-element elementor-element-6a9dd0e elementor-widget elementor-widget-image\" data-id=\"6a9dd0e\" data-element_type=\"widget\" data-widget_type=\"image.default\">\n\t\t\t\t<div class=\"elementor-widget-container\">\n\t\t\t<style>\/*! elementor - v3.17.0 - 08-11-2023 *\/\n.elementor-widget-image{text-align:center}.elementor-widget-image a{display:inline-block}.elementor-widget-image a img[src$=\".svg\"]{width:48px}.elementor-widget-image img{vertical-align:middle;display:inline-block}<\/style>\t\t\t\t\t\t\t\t\t\t\t\t<img loading=\"lazy\" decoding=\"async\" width=\"895\" height=\"1280\" src=\"https:\/\/humbertocarrizo.com\/wp-content\/uploads\/2023\/07\/carrizo.jpeg\" class=\"attachment-full size-full wp-image-1454\" alt=\"Humberto Carrizo\" srcset=\"https:\/\/humbertocarrizo.com\/wp-content\/uploads\/2023\/07\/carrizo.jpeg 895w, https:\/\/humbertocarrizo.com\/wp-content\/uploads\/2023\/07\/carrizo-210x300.jpeg 210w, https:\/\/humbertocarrizo.com\/wp-content\/uploads\/2023\/07\/carrizo-716x1024.jpeg 716w, https:\/\/humbertocarrizo.com\/wp-content\/uploads\/2023\/07\/carrizo-768x1098.jpeg 768w\" sizes=\"(max-width: 895px) 100vw, 895px\" \/>\t\t\t\t\t\t\t\t\t\t\t\t\t\t\t<\/div>\n\t\t\t\t<\/div>\n\t\t\t\t\t<\/div>\n\t\t<\/div>\n\t\t\t\t\t\t\t<\/div>\n\t\t<\/section>\n\t\t\t\t<section class=\"elementor-section elementor-top-section elementor-element elementor-element-50f464b elementor-section-content-middle elementor-section-boxed elementor-section-height-default elementor-section-height-default\" data-id=\"50f464b\" data-element_type=\"section\" id=\"biografia\">\n\t\t\t\t\t\t<div class=\"elementor-container elementor-column-gap-no\">\n\t\t\t\t\t<div class=\"elementor-column elementor-col-100 elementor-top-column elementor-element elementor-element-caba4f4\" data-id=\"caba4f4\" data-element_type=\"column\">\n\t\t\t<div class=\"elementor-widget-wrap elementor-element-populated\">\n\t\t\t\t\t\t\t\t<div class=\"elementor-element elementor-element-e1499ce elementor-widget elementor-widget-heading\" data-id=\"e1499ce\" data-element_type=\"widget\" data-widget_type=\"heading.default\">\n\t\t\t\t<div class=\"elementor-widget-container\">\n\t\t\t<h2 class=\"elementor-heading-title elementor-size-default\">BIOGRAF\u00cdA\u200b<\/h2>\t\t<\/div>\n\t\t\t\t<\/div>\n\t\t\t\t<div class=\"elementor-element elementor-element-416dc8c elementor-widget elementor-widget-video\" data-id=\"416dc8c\" data-element_type=\"widget\" data-settings=\"{&quot;youtube_url&quot;:&quot;https:\\\/\\\/www.youtube.com\\\/watch?v=I9bhzo8x-oU&quot;,&quot;video_type&quot;:&quot;youtube&quot;}\" data-widget_type=\"video.default\">\n\t\t\t\t<div class=\"elementor-widget-container\">\n\t\t\t<style>\/*! elementor - v3.17.0 - 08-11-2023 *\/\n.elementor-widget-video .elementor-widget-container{overflow:hidden;transform:translateZ(0)}.elementor-widget-video .elementor-wrapper{aspect-ratio:var(--video-aspect-ratio)}.elementor-widget-video .elementor-wrapper iframe,.elementor-widget-video .elementor-wrapper video{height:100%;width:100%;display:flex;border:none;background-color:#000}@supports not (aspect-ratio:1\/1){.elementor-widget-video .elementor-wrapper{position:relative;overflow:hidden;height:0;padding-bottom:calc(100% \/ var(--video-aspect-ratio))}.elementor-widget-video .elementor-wrapper iframe,.elementor-widget-video .elementor-wrapper video{position:absolute;top:0;right:0;bottom:0;left:0}}.elementor-widget-video .elementor-open-inline .elementor-custom-embed-image-overlay{position:absolute;top:0;right:0;bottom:0;left:0;background-size:cover;background-position:50%}.elementor-widget-video .elementor-custom-embed-image-overlay{cursor:pointer;text-align:center}.elementor-widget-video .elementor-custom-embed-image-overlay:hover .elementor-custom-embed-play i{opacity:1}.elementor-widget-video .elementor-custom-embed-image-overlay img{display:block;width:100%;aspect-ratio:var(--video-aspect-ratio);-o-object-fit:cover;object-fit:cover;-o-object-position:center center;object-position:center center}@supports not (aspect-ratio:1\/1){.elementor-widget-video .elementor-custom-embed-image-overlay{position:relative;overflow:hidden;height:0;padding-bottom:calc(100% \/ var(--video-aspect-ratio))}.elementor-widget-video .elementor-custom-embed-image-overlay img{position:absolute;top:0;right:0;bottom:0;left:0}}.elementor-widget-video .e-hosted-video .elementor-video{-o-object-fit:cover;object-fit:cover}.e-con-inner>.elementor-widget-video,.e-con>.elementor-widget-video{width:var(--container-widget-width);--flex-grow:var(--container-widget-flex-grow)}<\/style>\t\t<div class=\"elementor-wrapper elementor-open-inline\">\n\t\t\t<div class=\"elementor-video\"><\/div>\t\t<\/div>\n\t\t\t\t<\/div>\n\t\t\t\t<\/div>\n\t\t\t\t<div class=\"elementor-element elementor-element-5742fc2 elementor-widget elementor-widget-text-editor\" data-id=\"5742fc2\" data-element_type=\"widget\" data-widget_type=\"text-editor.default\">\n\t\t\t\t<div class=\"elementor-widget-container\">\n\t\t\t\t\t\t\t<p>Curs\u00f3 la primaria en la Escuela Olmos de la provincia de C\u00f3rdoba.\u00a0<span style=\"font-style: inherit; font-weight: inherit; background-color: var(--ast-global-color-4); color: var(--ast-global-color-3);\">Secundaria en el Instituto \u201cRam\u00f3n Garc\u00eda Mart\u00ednez\u201d conocido como La Casona.<\/span><\/p>\t\t\t\t\t\t<\/div>\n\t\t\t\t<\/div>\n\t\t\t\t<div class=\"elementor-element elementor-element-ebdffee elementor-widget elementor-widget-text-editor\" data-id=\"ebdffee\" data-element_type=\"widget\" data-widget_type=\"text-editor.default\">\n\t\t\t\t<div class=\"elementor-widget-container\">\n\t\t\t\t\t\t\t<p><b>1980:<\/b>\u00a0Se grad\u00faa de Perito Fot\u00f3grafo y T\u00e9cnico en Medios Audio Audiovisuales en la\u00a0Escuela de Artes \u201cLino E. Spilimbergo\u201d \u2013 C\u00f3rdoba.\u00a0Llev\u00f3 adelante gestiones para reabrir la Escuela de Cine de C\u00f3rdoba, cerrada en El Proceso.\u00a0Colabor\u00f3 con Eduardo Sahar como asistente de fotograf\u00eda en el largometraje \u201cBajo otro sol\u201d de Francisco D\u2019Intino y otros cortometrajes.<\/p><p><b>1988:<\/b>\u00a0Se radica en Misiones y comienza a trabajar en el Departamento de Producci\u00f3n del Sipted.<\/p><p><b>1989:\u00a0<\/b>Gan\u00f3 una beca del Fondo Nacional de las Artes para especializarse en cine documental.<\/p><p><b>1989:<\/b>\u00a0Guionista y director del documental Impacto.<\/p><p><b>1993:<\/b>\u00a0Docente de la carrera de Producci\u00f3n y direcci\u00f3n de Radio y TV del Instituto Superior Antonio Ruiz de Montoya. Al frente de las asignaturas Composici\u00f3n e Iluminaci\u00f3n, y desde 1994 de la materia T\u00e9cnicas de Archivo y Edici\u00f3n.<\/p><p><b>1993:<\/b>\u00a0Director de fotograf\u00eda y camar\u00f3grafo en el film \u201cLa otra orilla\u201d.<\/p><p><b>1997:<\/b>\u00a0Publica el libro \u201cLuces y sombras\u201d (Ediciones Montoya. ISPARM).<\/p><p><b>1999:<\/b>\u00a0Co-guionista del documental Seguir siendo (Dir. Ana Zanotti) &#8211;\u00a0Guionista del cortometraje documental La creaci\u00f3n (Dir. Ana Zanotti).<\/p><p><b>2000:<\/b>\u00a0Guion y direcci\u00f3n del cortometraje Tabaco criollo &#8211;\u00a0Direcci\u00f3n del docu-ficci\u00f3n Joao Pedro.<\/p><p><b>2002:<\/b>\u00a0Direcci\u00f3n de fotograf\u00eda y operador de c\u00e1mara del documental Mixtura de vida\u00a0(Dir. Ana Zanotti).<\/p><p><b>2004:<\/b>\u00a0En Colombia Direcci\u00f3n de fotograf\u00eda del largometraje de ficci\u00f3n Colombianos: un acto de fe dirigido por Carlos Fern\u00e1ndez de Soto.<\/p><p><b>2007:<\/b>\u00a0Director de fotograf\u00eda y camar\u00f3grafo en el largometraje de ficci\u00f3n \u201cDetr\u00e1s del sol, m\u00e1s cielo\u201d dirigido por Gast\u00f3n Gularte.<\/p><p>2007 y 2008:\u00a0Presenta dos muestras fotogr\u00e1ficas. La primera en el Posadas Plaza Shopping. La 2\u00b0 en el Museo Juan Yapar\u00ed denominada \u201cRecordar\u201d, junto al reportero gr\u00e1fico Marcos Ota\u00f1o.<\/p><p><b>2013:<\/b>\u00a0Producci\u00f3n y operador de c\u00e1mara del documental Magnicidio en Misiones dirigido por Liliana Diaz .<\/p>\t\t\t\t\t\t<\/div>\n\t\t\t\t<\/div>\n\t\t\t\t\t<\/div>\n\t\t<\/div>\n\t\t\t\t\t\t\t<\/div>\n\t\t<\/section>\n\t\t\t\t<section class=\"elementor-section elementor-top-section elementor-element elementor-element-747ab68 elementor-section-boxed elementor-section-height-default elementor-section-height-default\" data-id=\"747ab68\" data-element_type=\"section\" data-settings=\"{&quot;background_background&quot;:&quot;gradient&quot;}\">\n\t\t\t\t\t\t<div class=\"elementor-container elementor-column-gap-no\">\n\t\t\t\t\t<div class=\"elementor-column elementor-col-100 elementor-top-column elementor-element elementor-element-8845eb5\" data-id=\"8845eb5\" data-element_type=\"column\">\n\t\t\t<div class=\"elementor-widget-wrap elementor-element-populated\">\n\t\t\t\t\t\t\t\t<section class=\"elementor-section elementor-inner-section elementor-element elementor-element-9ef998f elementor-section-boxed elementor-section-height-default elementor-section-height-default\" data-id=\"9ef998f\" data-element_type=\"section\" data-settings=\"{&quot;background_background&quot;:&quot;classic&quot;}\">\n\t\t\t\t\t\t<div class=\"elementor-container elementor-column-gap-no\">\n\t\t\t\t\t<div class=\"elementor-column elementor-col-33 elementor-inner-column elementor-element elementor-element-650b6a7\" data-id=\"650b6a7\" data-element_type=\"column\">\n\t\t\t<div class=\"elementor-widget-wrap elementor-element-populated\">\n\t\t\t\t\t\t\t\t<div class=\"elementor-element elementor-element-3c06167 elementor-widget elementor-widget-image\" data-id=\"3c06167\" data-element_type=\"widget\" data-widget_type=\"image.default\">\n\t\t\t\t<div class=\"elementor-widget-container\">\n\t\t\t\t\t\t\t\t\t\t\t\t\t\t\t<img loading=\"lazy\" decoding=\"async\" width=\"1242\" height=\"1649\" src=\"https:\/\/humbertocarrizo.com\/wp-content\/uploads\/2023\/06\/tapa-doiario-primera-edicion.png\" class=\"attachment-full size-full wp-image-1423\" alt=\"Tapa diario primera edici\u00f3n\" srcset=\"https:\/\/humbertocarrizo.com\/wp-content\/uploads\/2023\/06\/tapa-doiario-primera-edicion.png 1242w, https:\/\/humbertocarrizo.com\/wp-content\/uploads\/2023\/06\/tapa-doiario-primera-edicion-226x300.png 226w, https:\/\/humbertocarrizo.com\/wp-content\/uploads\/2023\/06\/tapa-doiario-primera-edicion-771x1024.png 771w, https:\/\/humbertocarrizo.com\/wp-content\/uploads\/2023\/06\/tapa-doiario-primera-edicion-768x1020.png 768w, https:\/\/humbertocarrizo.com\/wp-content\/uploads\/2023\/06\/tapa-doiario-primera-edicion-1157x1536.png 1157w\" sizes=\"(max-width: 1242px) 100vw, 1242px\" \/>\t\t\t\t\t\t\t\t\t\t\t\t\t\t\t<\/div>\n\t\t\t\t<\/div>\n\t\t\t\t\t<\/div>\n\t\t<\/div>\n\t\t\t\t<div class=\"elementor-column elementor-col-66 elementor-inner-column elementor-element elementor-element-7a82d90\" data-id=\"7a82d90\" data-element_type=\"column\">\n\t\t\t<div class=\"elementor-widget-wrap elementor-element-populated\">\n\t\t\t\t\t\t\t\t<div class=\"elementor-element elementor-element-35986af elementor-view-default elementor-widget elementor-widget-icon\" data-id=\"35986af\" data-element_type=\"widget\" data-widget_type=\"icon.default\">\n\t\t\t\t<div class=\"elementor-widget-container\">\n\t\t\t\t\t<div class=\"elementor-icon-wrapper\">\n\t\t\t<div class=\"elementor-icon\">\n\t\t\t<svg xmlns=\"http:\/\/www.w3.org\/2000\/svg\" width=\"28\" height=\"24\" viewBox=\"0 0 28 24\" fill=\"none\"><path d=\"M0 24V17.6842C0 15.7661 0.330484 13.731 0.991453 11.5789C1.67521 9.40351 2.65527 7.30994 3.93162 5.29825C5.23077 3.26316 6.79202 1.49707 8.61538 0L11.9658 2.98246C10.2336 5.04094 8.77493 7.33333 7.58974 9.85965C6.42735 12.3626 5.84615 14.9357 5.84615 17.5789V24H0ZM16.0342 24V17.6842C16.0342 15.7661 16.3647 13.731 17.0256 11.5789C17.7094 9.40351 18.6895 7.30994 19.9658 5.29825C21.265 3.26316 22.8262 1.49707 24.6496 0L28 2.98246C26.2678 5.04094 24.8091 7.33333 23.6239 9.85965C22.4615 12.3626 21.8803 14.9357 21.8803 17.5789V24H16.0342Z\" fill=\"#FD8549\"><\/path><\/svg>\t\t\t<\/div>\n\t\t<\/div>\n\t\t\t\t<\/div>\n\t\t\t\t<\/div>\n\t\t\t\t<div class=\"elementor-element elementor-element-a4656f0 elementor-widget elementor-widget-testimonial\" data-id=\"a4656f0\" data-element_type=\"widget\" data-widget_type=\"testimonial.default\">\n\t\t\t\t<div class=\"elementor-widget-container\">\n\t\t\t<style>\/*! elementor - v3.17.0 - 08-11-2023 *\/\n.elementor-testimonial-wrapper{overflow:hidden;text-align:center}.elementor-testimonial-wrapper .elementor-testimonial-content{font-size:1.3em;margin-bottom:20px}.elementor-testimonial-wrapper .elementor-testimonial-name{line-height:1.5;display:block}.elementor-testimonial-wrapper .elementor-testimonial-job{font-size:.85em;display:block}.elementor-testimonial-wrapper .elementor-testimonial-meta{width:100%;line-height:1}.elementor-testimonial-wrapper .elementor-testimonial-meta-inner{display:inline-block}.elementor-testimonial-wrapper .elementor-testimonial-meta .elementor-testimonial-details,.elementor-testimonial-wrapper .elementor-testimonial-meta .elementor-testimonial-image{display:table-cell;vertical-align:middle}.elementor-testimonial-wrapper .elementor-testimonial-meta .elementor-testimonial-image img{width:60px;height:60px;border-radius:50%;-o-object-fit:cover;object-fit:cover;max-width:none}.elementor-testimonial-wrapper .elementor-testimonial-meta.elementor-testimonial-image-position-aside .elementor-testimonial-image{padding-right:15px}.elementor-testimonial-wrapper .elementor-testimonial-meta.elementor-testimonial-image-position-aside .elementor-testimonial-details{text-align:left}.elementor-testimonial-wrapper .elementor-testimonial-meta.elementor-testimonial-image-position-top .elementor-testimonial-details,.elementor-testimonial-wrapper .elementor-testimonial-meta.elementor-testimonial-image-position-top .elementor-testimonial-image{display:block}.elementor-testimonial-wrapper .elementor-testimonial-meta.elementor-testimonial-image-position-top .elementor-testimonial-image{margin-bottom:20px}<\/style>\t\t<div class=\"elementor-testimonial-wrapper\">\n\t\t\t\t\t\t\t<div class=\"elementor-testimonial-content\">El pueblo que no genera su propia imagen est\u00e1 condenado a perder sus memorias<\/div>\n\t\t\t\n\t\t\t\t\t\t<div class=\"elementor-testimonial-meta\">\n\t\t\t\t<div class=\"elementor-testimonial-meta-inner\">\n\t\t\t\t\t\n\t\t\t\t\t\t\t\t\t\t<div class=\"elementor-testimonial-details\">\n\t\t\t\t\t\t\t\t\t\t\t\t\t\t<div class=\"elementor-testimonial-name\">Humberto Nicol\u00e1s Carrizo\u200b<\/div>\n\t\t\t\t\t\t\t\t\t\t\t\t\t\t\t\t\t\t\t\t\t\t<div class=\"elementor-testimonial-job\">Camar\u00f3grafo y realizador audiovisual.\u200b<\/div>\n\t\t\t\t\t\t\t\t\t\t\t\t\t<\/div>\n\t\t\t\t\t\t\t\t\t<\/div>\n\t\t\t<\/div>\n\t\t\t\t\t<\/div>\n\t\t\t\t<\/div>\n\t\t\t\t<\/div>\n\t\t\t\t\t<\/div>\n\t\t<\/div>\n\t\t\t\t\t\t\t<\/div>\n\t\t<\/section>\n\t\t\t\t\t<\/div>\n\t\t<\/div>\n\t\t\t\t\t\t\t<\/div>\n\t\t<\/section>\n\t\t\t\t<section class=\"elementor-section elementor-top-section elementor-element elementor-element-bae0871 elementor-section-content-middle elementor-section-boxed elementor-section-height-default elementor-section-height-default\" data-id=\"bae0871\" data-element_type=\"section\" id=\"agradecimientos\">\n\t\t\t\t\t\t<div class=\"elementor-container elementor-column-gap-no\">\n\t\t\t\t\t<div class=\"elementor-column elementor-col-100 elementor-top-column elementor-element elementor-element-fd3d3a5\" data-id=\"fd3d3a5\" data-element_type=\"column\">\n\t\t\t<div class=\"elementor-widget-wrap elementor-element-populated\">\n\t\t\t\t\t\t\t\t<div class=\"elementor-element elementor-element-b4c9c2c elementor-widget elementor-widget-heading\" data-id=\"b4c9c2c\" data-element_type=\"widget\" data-widget_type=\"heading.default\">\n\t\t\t\t<div class=\"elementor-widget-container\">\n\t\t\t<h2 class=\"elementor-heading-title elementor-size-default\">AGRADECIMIENTOS<\/h2>\t\t<\/div>\n\t\t\t\t<\/div>\n\t\t\t\t<div class=\"elementor-element elementor-element-b931fc9 elementor-widget elementor-widget-heading\" data-id=\"b931fc9\" data-element_type=\"widget\" data-widget_type=\"heading.default\">\n\t\t\t\t<div class=\"elementor-widget-container\">\n\t\t\t<h6 class=\"elementor-heading-title elementor-size-default\">Nuestro agradecimiento infinito para quienes colaboraron con la muestra\/homenaje a Humberto Carrizo.<\/h6>\t\t<\/div>\n\t\t\t\t<\/div>\n\t\t\t\t<div class=\"elementor-element elementor-element-4529f61 elementor-widget elementor-widget-text-editor\" data-id=\"4529f61\" data-element_type=\"widget\" data-widget_type=\"text-editor.default\">\n\t\t\t\t<div class=\"elementor-widget-container\">\n\t\t\t\t\t\t\t<ul>\n<li>Alejandrino V\u00e1zquez y su equipo del Espacio Cultural Flora que desde el principio nos abrieron con mucho entusiasmo su casa.<\/li>\n<li>Gustavo Carbonell por la producci\u00f3n de los audiovisuales y sitio web.<\/li>\n<li>Raul Valenzuela &#8211; ComunicaTV.<\/li>\n<li>Karina y la familia Acosta, hijos y nuera de Ada Paredes, que atesoraron y cuidaron las fotograf\u00edas como otros elementos que se presentan en la muestra.<\/li>\n<li>Mario Gim\u00e9nez y todo el equipo humano del IAAviM por el aporte de la pantalla, el proyector y el sonido.<\/li>\n<li>Marcos Ota\u00f1o y Caf\u00e9 Azar, sus amigos, que aportaron material y grandes ideas.<\/li>\n<li>Sebasti\u00e1n Korol por cedernos el video de su entrevista a Humberto.<\/li>\n<li>Virginia Moraiz por escanear el libro Luces y Sombras.<\/li>\n<li>Carlos Arancio por el constante y afectuoso acompa\u00f1amiento.<\/li>\n<li>Todo Fr\u00edo que nos regal\u00f3 el champagne.<\/li>\n<li>Silvana Jard\u00edn Correa por buscar el material esencial.<\/li>\n<li>Elizabeth Nowosad y Marcelo Bonetti encargados de la decoraci\u00f3n de la muestra.<\/li><li>Ana Zanotti<br><\/li>\n<li>Franco Weber.<\/li>\n<li>Nora Delgado.<\/li>\n<li>Diario Primera Edici\u00f3n.<\/li>\n<li>La Rivada Revista de la Secretaria de Investigaci\u00f3n y Postgrado. Fac de Humanidades y Ciencias Sociales. UnaM.<\/li>\n<li>Pozzistudio.<\/li>\n<li>Ediciones Montoya. ISPARM.<\/li>\n<li>Karina Corrales&nbsp;<\/li>\n<li>Alejandro Acosta<\/li>\n<li>Fernando Acosta<\/li>\n<\/ul>\t\t\t\t\t\t<\/div>\n\t\t\t\t<\/div>\n\t\t\t\t\t<\/div>\n\t\t<\/div>\n\t\t\t\t\t\t\t<\/div>\n\t\t<\/section>\n\t\t\t\t\t\t\t<\/div>\n\t\t","protected":false},"excerpt":{"rendered":"<p>Sitio web en homenaje a Humberto Carrizo,un talentoso artista audiovisual. 11 de julio 1957- 23 de diciembre de 2016 Creado por sus amigos y seguidores. BIOGRAF\u00cdA\u200b https:\/\/www.youtube.com\/watch?v=I9bhzo8x-oU Curs\u00f3 la primaria en la Escuela Olmos de la provincia de C\u00f3rdoba.\u00a0Secundaria en el Instituto \u201cRam\u00f3n Garc\u00eda Mart\u00ednez\u201d conocido como La Casona. 1980:\u00a0Se grad\u00faa de Perito Fot\u00f3grafo y &hellip;<\/p>\n<p class=\"read-more\"> <a class=\"\" href=\"https:\/\/humbertocarrizo.com\/\"> <span class=\"screen-reader-text\">Home<\/span> Read More &raquo;<\/a><\/p>\n","protected":false},"author":2,"featured_media":0,"parent":0,"menu_order":0,"comment_status":"closed","ping_status":"closed","template":"","meta":{"site-sidebar-layout":"no-sidebar","site-content-layout":"page-builder","ast-global-header-display":"","ast-banner-title-visibility":"","ast-main-header-display":"","ast-hfb-above-header-display":"","ast-hfb-below-header-display":"","ast-hfb-mobile-header-display":"","site-post-title":"disabled","ast-breadcrumbs-content":"","ast-featured-img":"disabled","footer-sml-layout":"","theme-transparent-header-meta":"enabled","adv-header-id-meta":"","stick-header-meta":"","header-above-stick-meta":"","header-main-stick-meta":"","header-below-stick-meta":"","footnotes":""},"_links":{"self":[{"href":"https:\/\/humbertocarrizo.com\/index.php\/wp-json\/wp\/v2\/pages\/1412"}],"collection":[{"href":"https:\/\/humbertocarrizo.com\/index.php\/wp-json\/wp\/v2\/pages"}],"about":[{"href":"https:\/\/humbertocarrizo.com\/index.php\/wp-json\/wp\/v2\/types\/page"}],"author":[{"embeddable":true,"href":"https:\/\/humbertocarrizo.com\/index.php\/wp-json\/wp\/v2\/users\/2"}],"replies":[{"embeddable":true,"href":"https:\/\/humbertocarrizo.com\/index.php\/wp-json\/wp\/v2\/comments?post=1412"}],"version-history":[{"count":85,"href":"https:\/\/humbertocarrizo.com\/index.php\/wp-json\/wp\/v2\/pages\/1412\/revisions"}],"predecessor-version":[{"id":1864,"href":"https:\/\/humbertocarrizo.com\/index.php\/wp-json\/wp\/v2\/pages\/1412\/revisions\/1864"}],"wp:attachment":[{"href":"https:\/\/humbertocarrizo.com\/index.php\/wp-json\/wp\/v2\/media?parent=1412"}],"curies":[{"name":"wp","href":"https:\/\/api.w.org\/{rel}","templated":true}]}}